17 composite?
False
Is 8549896567 prime?
True
Is 177786683 a composite number?
False
Is 632435809 a composite number?
True
Is 132032077 a composite number?
False
Is 929911727 composite?
True
Is 50127587 prime?
True
Is 469604539 prime?
False
Is 720602741 prime?
False
Is 12082358149 a composite number?
False
Is 87863087881 composite?
False
Is 2223384991 composite?
False
Is 2692293431 prime?
True
Is 2770937493 prime?
False
Is 8797181527 a prime number?
True
Is 7875350447 composite?
False
Is 73065702903 composite?
True
Is 11441873171 prime?
False
Is 2346090566 a prime number?
False
Is 659000891 a prime number?
False
Is 1715399471 prime?
False
Is 132281839706 prime?
False
Is 14944805047 composite?
True
Is 2111212409 composite?
True
Is 56838933199 composite?
False
Is 47263949959 a composite number?
True
Is 1934154289 a composite number?
False
Is 128740614103 a composite number?
False
Is 334971367 a prime number?
True
Is 15085984157 a composite number?
False
Is 705106109 a prime number?
False
Is 9728101 a composite number?
True
Is 91955143571 prime?
True
Is 986435259 a prime number?
False
Is 5553972185 a prime number?
False
Is 2451773029 composite?
False
Is 8584144549 a composite number?
False
Is 23632637702 a prime number?
False
Is 10437738791 a prime number?
True
Is 373123039 a prime number?
True
Is 409828703 a prime number?
True
Is 8931700471 prime?
True
Is 5553389 a composite number?
False
Is 14792154851 composite?
True
Is 20491483417 a composite number?
False
Is 6401375521 composite?
False
Is 65339657701 prime?
False
Is 43037563 prime?
True
Is 56979262259 prime?
True
Is 450145727 composite?
False
Is 347343259 a composite number?
False
Is 21759043387 prime?
True
Is 137537321 prime?
False
Is 365831857913 a composite number?
False
Is 1115971379 composite?
False
Is 61567199 a prime number?
False
Is 27525125419 a composite number?
True
Is 105974954 composite?
True
Is 3123102271 a prime number?
True
Is 187787045881 composite?
False
Is 2425875349 composite?
True
Is 1057489679 prime?
False
Is 13159838801 prime?
True
Is 8454622361 composite?
True
Is 398668282 a composite number?
True
Is 120981937 prime?
False
Is 3080156641 a prime number?
False
Is 54268408723 a composite number?
False
Is 916705453 a prime number?
True
Is 47105017 composite?
False
Is 121913633087 prime?
True
Is 3632082281 prime?
True
Is 386820446 a composite number?
True
Is 313132181 a prime number?
False
Is 58067648519 composite?
False
Is 4124680589 a composite number?
True
Is 2801691149 a prime number?
True
Is 70721702137 a prime number?
False
Is 64095733309 a prime number?
False
Is 307701073 composite?
True
Is 240589127 prime?
False
Is 22530977747 a composite number?
False
Is 70366114933 prime?
True
Is 2630377433 a composite number?
False
Is 1342776371 a composite number?
True
Is 2116030331 a prime number?
True
Is 128766419 a prime number?
True
Is 5303677451 a prime number?
False
Is 6580228763 a prime number?
False
Is 37985147 a composite number?
True
Is 8127436979 a prime number?
False
Is 404964401 a prime number?
False
Is 13589717 composite?
True
Is 2236419401 composite?
False
Is 60112607615 composite?
True
Is 21878880739 prime?
True
Is 613578037 a prime number?
True
Is 45160939339 a composite number?
True
Is 7489584131 a prime number?
False
Is 196607111 a composite number?
False
Is 20173344283 composite?
False
Is 142455251 a prime number?
True
Is 487335963263 prime?
True
Is 33899297 prime?
True
Is 36867314377 composite?
False
Is 50090145757 composite?
False
Is 4804904437 a composite number?
False
Is 5722282537 composite?
False
Is 3982827203 a composite number?
False
Is 1277868661 composite?
True
Is 2513015447 prime?
True
Is 2341029061 composite?
True
Is 98831214437 prime?
True
Is 13676981 a composite number?
False
Is 1523520287 prime?
True
Is 38698751461 a prime number?
True
Is 11748956629 prime?
False
Is 11831542171 a composite number?
True
Is 10015448227 a composite number?
False
Is 33277951279 prime?
False
Is 1808217791 prime?
True
Is 40767184891 prime?
True
Is 140388363299 a prime number?
False
Is 2024995501 a prime number?
True
Is 301364083 a composite number?
True
Is 1031336269 prime?
True
Is 11037627613 a prime number?
False
Is 445634773 prime?
True
Is 3815467361 a prime number?
True
Is 422277083 a prime number?
False
Is 2162270501 prime?
True
Is 8439035567 composite?
False
Is 1568074447 composite?
True
Is 80903639242 prime?
False
Is 5695883803 prime?
True
Is 7041998209 a composite number?
True
Is 121766159 a prime number?
True
Is 3067149055 a composite number?
True
Is 315956063845 a composite number?
True
Is 7206751313 a composite number?
False
Is 591790259 a prime number?
False
Is 35109888811 prime?
True
Is 9418578349 prime?
True
Is 680697821 a composite number?
False
Is 1185599939 a composite number?
False
Is 808540373 prime?
False
Is 200777653 a prime number?
False
Is 871221263 composite?
True
Is 73067686051 composite?
False
Is 500215369 composite?
True
Is 4979136401 prime?
True
Is 7296853601 prime?
True
Is 2103653141 prime?
False
Is 1122367 prime?
True
Is 209218241 composite?
True
Is 686209157 prime?
False
Is 1080155949 a prime number?
False
Is 5467429271 a composite number?
False
Is 50655128785 a prime number?
False
Is 1545414617 composite?
False
Is 10555336411 a composite number?
False
Is 60809041789 a prime number?
True
Is 261015193 a composite number?
True
Is 376832549 a prime number?
False
Is 38321943349 prime?
True
Is 13068417641 composite?
False
Is 17379425177 prime?
True
Is 3657455491 a prime number?
True
Is 650137027 composite?
True
Is 2191480087 prime?
True
Is 3990138653 composite?
True
Is 6650535977 composite?
True
Is 862535969 a composite number?
False
Is 733303709 a composite number?
False
Is 28082990293 composite?
True
Is 9834885121 a prime number?
False
Is 11370525839 composite?
True
Is 4875720757 prime?
False
Is 1293853205 composite?
True
Is 5708372063 a composite number?
True
Is 148351836539 a prime number?
True
Is 1303975039 composite?
True
Is 48002365651 prime?
True
Is 28811632121 a composite number?
True
Is 687933629 prime?
False
Is 107984661751 a composite number?
False
Is 100349121763 prime?
False
Is 9754685431 composite?
False
Is 1397866009 a composite number?
True
Is 791682259 prime?
True
Is 205322903 a prime number?
True
Is 279264358729 a prime number?
True
Is 25473525923 a prime number?
True
Is 276180391 a composite number?
True
Is 45715477 a prime number?
True
Is 2064203357 prime?
False
Is 15158110501 a composite number?
False
Is 5338392973 a composite number?
True
Is 36807493 composite?
True
Is 6674319593 prime?
False
Is 961659277 prime?
False
Is 13625087165 prime?
False
Is 115751434399 a prime number?
True
Is 11319230579 prime?
True
Is 88135754857 a prime number?
True
Is 4208881003 prime?
True
Is 326476169 a prime number?
True
Is 27990900539 a prime number?
False
Is 9164147147 composite?
True
Is 205946011 prime?
True
Is 416155769 a prime number?
False
Is 16951608517 a prime number?
False
Is 619039793 a composite number?
False
Is 10623959387 prime?
True
Is 220073423 prime?
True
Is 236559688819 a prime number?
True
Is 96983609 a composite number?
True
Is 20481980227 a composite number?
False
Is 550933020197 a prime number?
False
Is 1878470723 a prime number?
False
Is 294896341 prime?
True
Is 37089995567 a prime number?
True
Is 693673769 a composite number?
False
Is 195490003 composite?
True
Is 8958463289 prime?
True
Is 265661211815 composite?
True
Is 250666847 a prime number?
False
Is 41298839 composite?
False
Is 150028822397 composite?
False
Is 1153379783 a prime number?
False
Is 12913300769 prime?
True
Is 75566427 a prime number?
False
Is 35273145247 a composite number?
False
Is 286378471 composite?
True
Is 25158213799 a prime number?
True
Is 6065595931 prime?
True
Is 7503292837 a composite number?
True
Is 29830849 a prime number?
False
Is 2053754561 a composite number?
False
Is 475280017 a prime number?
True
Is 1236715969 composite?
False
Is 8666610587 prime?
True
Is 1242556753 a composite number?
False
Is 1487215417 a prime number?
True
Is 4086337503 a composite number?
True
Is 1264943851 a prime number?
True
Is 6631474667 prime?
True
Is 11327053057 a composite number?
True
Is 993006919 a composite number?
False
Is 1175273381 composite